/(-2))/(16/(-48)).
3, 23
Let g = 16 + -10. Let f be 2*-2*(-17)/2. List the prime factors of f/4 + 3/g.
3
Let y(g) = 3*g**3 - 13*g**2 + 7*g - 4. List the prime factors of y(5).
3
Suppose q - 2*f - 105 = 0, -3*q + 204 = -3*f - 105. What are the prime factors of q?
101
Let s = -258 + 376. List the prime factors of s.
2, 59
Let v(c) = 3*c**2 - 4*c + 1. Let m be v(3). Let a = 24 - m. What are the prime factors of a?
2
Suppose 0 = -r - 2*q + 18 + 65, 3*q + 389 = 5*r. What are the prime factors of r?
79
Let v = -4 - -14. Suppose 7*q = 3*q. Suppose q = d - 6*d + v. List the prime factors of d.
2
Suppose 4*d - r = 58, d - 5 = 4*r + 2. Let z = 1 - 6. Let g = z + d. List the prime factors of g.
2, 5
Let i = 77 + -55. Let m = -12 + i. Let j = m + 0. List the prime factors of j.
2, 5
Let l(j) = -3 + j + 4*j - 2. Let n(t) = -t**2 + t - 1. Let g(a) = l(a) - 2*n(a). List the prime factors of g(-3).
2, 3
Let b be ((-4)/(-2))/((-6)/(-9)). Let m(q) = -q**2 - q**2 + 7*q**2 + 2 - q**b + 8*q. What are the prime factors of m(6)?
2, 7
Let m(b) = b**3 + 14*b**2 + 20*b - 5. What are the prime factors of m(-12)?
43
What are the prime factors of (0/(1/(-1)))/(-1) - -145?
5, 29
Suppose 5*k - 2*r - 1 = 17, 2*k = r + 7. Suppose 0 = 5*v - k*b - 48, 2*v + 4*b = -b + 6. What are the prime factors of v?
2
Suppose -3431 = -6*a - 1175. List the prime factors of a.
2, 47
Let h(r) = -r**3 - 3*r**2 - 4*r - 2. Let w be h(-2). Suppose 7*c - 75 = w*c. What are the prime factors of c?
3, 5
Let t = -6 - -10. Suppose d - 10 = -t*d. What are the prime factors of d?
2
Suppose -3*f = -3 - 12. Let t(g) = g**3 - 5*g**2 + 3*g - 3. Let z be t(f). Suppose 2*d - 5*r + 4 = -z, 5*r - 10 = 5*d. What are the prime factors of d?
2
Suppose 5*d - 2*d - 90 = 0. Suppose -6*i + i = -4*p + d, -p - i + 12 = 0. What are the prime factors of p?
2, 5
Let q = 2 + 3. Let f be ((-12)/q)/((-3)/10). Suppose 3*o - o = f. List the prime factors of o.
2
Let d(n) = -2 - 1 - 7*n + 2. List the prime factors of d(-2).
13
Suppose 4*k - 5*j = 114, 0*k + 3*k = 5*j + 88. Let i = k - 13. List the prime factors of i.
13
Let d = -4 + 30. Let w = d + -9. What are the prime factors of w?
17
Suppose 2*w - 6 = -2. Let p be 9/(-2) - w/(-4). List the prime factors of (p/6)/((-6)/117).
13
Suppose -40 = -2*g + 36. What are the prime factors of g?
2, 19
Suppose 3*x + c - 136 = 0, -23 - 25 = -x + c. Suppose v - x = -0. List the prime factors of v.
2, 23
List the prime factors of (3/(-9))/(1/(-15)).
5
Let x(h) = 3*h**2 - 4*h - 4. List the prime factors of x(5).
3, 17
Suppose v - 55 = w - 385, 2*v - 318 = -w. List the prime factors of w.
2, 163
Suppose 2*l - 19 + 7 = 0. Let q = 4 - l. What are the prime factors of 2/q*(-6 + 3)?
3
Let r(b) = -b - 2. Let w be r(0). Let v(n) = -5*n**2 - 1. Let a be v(w). Let x = -14 - a. What are the prime factors of x?
7
Suppose -b = -1 - 2, 5*f - 3 = 4*b. Let k = f + -5. Let w = k + 4. What are the prime factors of w?
2
Let u = -57 + 277. What are the prime factors of u?
2, 5, 11
Suppose 13 = z + 10. Let x be 2/4 - (-59)/2. Suppose -x = -z*c - 2*c. List the prime factors of c.
2, 3
Let g = 7 + -3. Suppose 5*k - 4*d + 7*d - 28 = 0, 0 = g*k - 4*d - 16. What are the prime factors of k?
5
Let r(a) = -a**3 - 7*a**2 + 12*a. List the prime factors of r(-9).
2, 3
Suppose 0 = 3*r - 2*v - 2*v - 88, r - 3*v = 31. What are the prime factors of r?
2, 7
Let a(g) = -g**2 - 7*g - 7. Let h be a(-5). List the prime factors of 2*h - (0 - -2).
2
Suppose 11 = 4*l - 41. Suppose -l = r - 67. Suppose 3*x = -0*x + r. What are the prime factors of x?
2, 3
Suppose -5*u + 4 = -4*z - 0*u, -z = -5*u + 16. Suppose z*d - d - 33 = 0. List the prime factors of d.
11
Let l = 89 + -32. List the prime factors of l.
3, 19
Let x = 1 + 3. Let k be 1/3 - 4/3. What are the prime factors of 12 - x/(1 - k)?
2, 5
Let u(g) = 30*g + 21. What are the prime factors of u(4)?
3, 47
Let b(j) = 4*j. Let d be b(1). Let i(z) = 2*z**2 - 3*z + 4. Let w be i(d). Let c = -12 + w. List the prime factors of c.
2, 3
Let v = 123 + -51. What are the prime factors of v?
2, 3
Let j(a) = 2*a - 1 - 4*a + 4*a. Let n be j(-1). What are the prime factors of (2 - (-14)/(-3))*n?
2
Suppose -k + 207 = 4*m, 0 = 3*m - k - 4*k - 138. List the prime factors of m.
3, 17
Let g(f) = 2*f**2 + 4. List the prime factors of g(-4).
2, 3
Let i be (-2)/(-2) - (0 + -2). Let h(r) = 5*r + 3. Let m be h(i). Suppose c = -c + m. List the prime factors of c.
3
Suppose 0 = 2*a + a, 10 = 5*y + 4*a. Suppose -u + y*w = -0*u - 12, 0 = 5*u - 5*w - 35. What are the prime factors of u?
2
Let d be (2 - (-2 + 2)) + 2. Let k(z) be the third derivative of -z**5/60 + z**4/4 - z**3/2 - 6*z**2. List the prime factors of k(d).
5
Suppose b + 2 + 4 = 4*o, 4*b + 4*o = 16. Suppose 35 = -7*r + b*r. Let g = r - -10. What are the prime factors of g?
3
Let b(d) = -26*d + 6. Let w(z) = 13*z - 3. Let h(k) = -3*b(k) - 5*w(k). List the prime factors of h(2).
23
Suppose 3*a + 27 + 12 = 0. Let v = 26 + a. List the prime factors of v.
13
Suppose -n + 6 = -x, -n + 2*x + 1 = -2. Suppose -n = -3*g + 2*g. What are the prime factors of g?
3
Suppose -3*m + 21 = 6. Suppose 2*c = -5*x + 37, m*c = 5*x + 2 + 3. Suppose -2 - c = -4*u. What are the prime factors of u?
2
Suppose 2*x - 2 = -0*x - 3*z, 13 = 3*x + 2*z. Suppose 4*n = -4*l - 32, -4*l + n - 13 - 4 = 0. Let w = l + x. What are the prime factors of w?
2
Let v be 6/(2/((-20)/3)). What are the prime factors of v/(-1 - -1 - 1)?
2, 5
Let h be 43/3 - (-5)/(-15). Suppose -h = -3*m - 2. Suppose -3*o = o - 5*x - 36, 44 = m*o - 3*x. List the prime factors of o.
2, 7
Let r(u) be the first derivative of 2 - 1/3*u**3 + 2*u + 2*u**2. List the prime factors of r(3).
5
Suppose 2*h + 3*f = 179, -h + 6*h - 3*f = 437. List the prime factors of h.
2, 11
Suppose 10*s - 15*s = -700. List the prime factors of s.
2, 5, 7
Let u be 44*6/(-16)*-2. Suppose 2*l + 2*l - 20 = 0. Suppose -2*g = g - 3, 3*g = -l*k + u. List the prime factors of k.
2, 3
Suppose 4*f - 16 = 4*y, -4*f + 26 = -5*y + 7. Let h(t) = t**3 + 2*t**2 - 5*t - 4. List the prime factors of h(y).
2
Let s(i) = -i**3 + i**2 + 2*i + 1. List the prime factors of s(-3).
31
Let r(f) = 3 - 3*f + 0*f + 2*f - 7. List the prime factors of r(-6).
2
Suppose x - 4 + 10 = -3*d, 0 = 4*x + 4*d. List the prime factors of x.
3
Let m(s) = -1. Let d(x) = x + 6. Let o(c) = d(c) - 2*m(c). What are the prime factors of o(-5)?
3
Suppose 2*t - 2*g = -5*g - 5, -15 = 3*g. Suppose -5*v = -t*r + 35, 3*r + v = 19 + 10. List the prime factors of r.
3
Let f(a) be the third derivative of -a**6/120 + a**5/10 + a**4/12 - 5*a**3/6 - 3*a**2. Let u be f(5). What are the prime factors of (0/2 + u)/2?
3, 5
Let u = -12 + 19. Let y(m) = -m**3 + 8*m**2 - 8*m + 3. Let o be y(u). Let c = 2 - o. List the prime factors of c.
2, 3
What are the prime factors of (1*15)/(3 + 135/(-48))?
2, 5
Suppose 28 + 12 = 5*l. Let c(b) = b - 1. Let i be c(l). Suppose 4*h - i = 1. What are the prime factors of h?
2
Suppose -4*i = -0*i - 408. Suppose 5*f + i = 4*o, o + f = 3*f + 27. List the prime factors of o.
23
Suppose 2 + 4 = 3*l. List the prime factors of l*(-1)/2 - -12.
11
Let s be (-2)/4 - (-3)/6. Suppose z - 4 = -s*z. Suppose 6 = -3*k + z*k. What are the prime factors of k?
2, 3
Suppose 4*p + 4*g - 44 = -0, 79 = 5*p - g. What are the prime factors of p?
3, 5
List the prime factors of 136/2 + 2*-2.
2
Let j be 13 + 0/(0 + 1). Suppose -j = 3*u + 2*u + 2*g, 5*u = -3*g - 12. Let h(y) = -4*y - 1. What are the prime factors of h(u)?
11
Suppose -3*c - 20 = c, 4*c = 4*k - 420. List the prime factors of k.
2, 5
Suppose 2*j = 5 - 1. Suppose -4*u = -8, -j*x = -9*u + 4*u - 22. What are the prime factors of x?
2
Suppose 0 = -2*m - 3*o - 2*o + 19, -4*o + 20 = 2*m. What are the prime factors of (8/m)/2*21?
7
Let l = 27 - -21. Let r = -6 + l. Suppose 0 = 4*g + 6 - r. List the prime factors of g.
3
Let p be ((60/(-3))/(-1))/(-1). Let u = -3 - p. What are the prime factors of u?
17
Let c = 25 + -21. Suppose -i + x + 66 = -3*x, 0 = 5*i - c*x - 266. List the prime factors of i.
2, 5
Suppose -2*g = -5*t + 2, -18 = -0*t + t - 5*g. Suppose -4*f = t*x + 1 - 9, 0 = 4*f. Suppose 7*o = x*o + 33. List the prime factors of o.
11
Let a be ((-10)/(-25))/((-2)/(-60)). Suppose 6*s = 2*s + a. List the prime factors of s.
3
Let r(o) = -3*o 